{"id":12,"date":"2020-09-11T09:03:25","date_gmt":"2020-09-11T07:03:25","guid":{"rendered":"http:\/\/assistnco77.fr\/?page_id=12"},"modified":"2025-12-29T10:39:05","modified_gmt":"2025-12-29T09:39:05","slug":"qui-suis-je","status":"publish","type":"page","link":"https:\/\/assistnco77.fr\/?page_id=12","title":{"rendered":"Qui sommes-nous ?"},"content":{"rendered":"\t\t<div data-elementor-type=\"wp-page\" data-elementor-id=\"12\" class=\"elementor elementor-12\" data-elementor-settings=\"[]\">\n\t\t\t\t\t\t<div class=\"elementor-inner\">\n\t\t\t\t\t\t\t<div class=\"elementor-section-wrap\">\n\t\t\t\t\t\t\t<section class=\"elementor-section elementor-top-section elementor-element elementor-element-16da782 elementor-section-boxed elementor-section-height-default elementor-section-height-default\" data-id=\"16da782\" data-element_type=\"section\">\n\t\t\t\t\t\t<div class=\"elementor-container elementor-column-gap-default\">\n\t\t\t\t\t\t\t<div class=\"elementor-row\">\n\t\t\t\t\t<div class=\"elementor-column elementor-col-100 elementor-top-column elementor-element elementor-element-bcd4166\" data-id=\"bcd4166\" data-element_type=\"column\">\n\t\t\t<div class=\"elementor-column-wrap elementor-element-populated\">\n\t\t\t\t\t\t\t<div class=\"elementor-widget-wrap\">\n\t\t\t\t\t\t<div class=\"elementor-element elementor-element-b3ab063 elementor-widget elementor-widget-text-editor\" data-id=\"b3ab063\" data-element_type=\"widget\" data-widget_type=\"text-editor.default\">\n\t\t\t\t<div class=\"elementor-widget-container\">\n\t\t\t\t\t\t\t\t<div class=\"elementor-text-editor elementor-clearfix\">\n\t\t\t\t<h2><strong>\ud83c\udf3fNotre mission<\/strong><\/h2><p>Accompagner les professionnels et les organisations vers plus de clart\u00e9, de bien\u2011\u00eatre et d\u2019efficacit\u00e9.<\/p><p>Nous cr\u00e9ons des espaces, des formations et des ressources qui permettent \u00e0 chacun de se recentrer, de se structurer et d\u2019avancer avec confiance.<\/p>\t\t\t\t\t<\/div>\n\t\t\t\t\t\t<\/div>\n\t\t\t\t<\/div>\n\t\t\t\t\t\t<\/div>\n\t\t\t\t\t<\/div>\n\t\t<\/div>\n\t\t\t\t\t\t\t\t<\/div>\n\t\t\t\t\t<\/div>\n\t\t<\/section>\n\t\t\t\t<section class=\"elementor-section elementor-top-section elementor-element elementor-element-1356a83 elementor-section-boxed elementor-section-height-default elementor-section-height-default\" data-id=\"1356a83\" data-element_type=\"section\">\n\t\t\t\t\t\t<div class=\"elementor-container elementor-column-gap-default\">\n\t\t\t\t\t\t\t<div class=\"elementor-row\">\n\t\t\t\t\t<div class=\"elementor-column elementor-col-100 elementor-top-column elementor-element elementor-element-808a9c2\" data-id=\"808a9c2\" data-element_type=\"column\">\n\t\t\t<div class=\"elementor-column-wrap elementor-element-populated\">\n\t\t\t\t\t\t\t<div class=\"elementor-widget-wrap\">\n\t\t\t\t\t\t<div class=\"elementor-element elementor-element-d2f66a8 elementor-widget elementor-widget-text-editor\" data-id=\"d2f66a8\" data-element_type=\"widget\" data-widget_type=\"text-editor.default\">\n\t\t\t\t<div class=\"elementor-widget-container\">\n\t\t\t\t\t\t\t\t<div class=\"elementor-text-editor elementor-clearfix\">\n\t\t\t\t<h2><strong>\ud83c\udf3f<\/strong><strong>Qui sommes\u2011nous ?<\/strong><\/h2><p>Assist\u2019n Co est n\u00e9 d\u2019une conviction simple :<\/p><p><strong>le bien\u2011\u00eatre au travail n\u2019est pas un luxe, c\u2019est un levier essentiel de performance, d\u2019\u00e9quilibre et d\u2019\u00e9panouissement.<\/strong><\/p><p>Fond\u00e9 par <strong>Delphine Castellier<\/strong>, micro\u2011entrepreneure, Formatrice d\u2019adultes dans les m\u00e9tiers de la bureautique, du secr\u00e9tariat et de l&rsquo;assistanat, et Coach en bien\u2011\u00eatre au travail,\u00a0<span style=\"font-size: 25px;\">Assist\u2019n Co r\u00e9unit expertise p\u00e9dagogique, cr\u00e9ativit\u00e9 et rigueur professionnelle.<\/span><\/p><p>Notre approche allie douceur, structure et exigence pour offrir un accompagnement profond\u00e9ment humain et durable et de qualit\u00e9 premium.<\/p>\t\t\t\t\t<\/div>\n\t\t\t\t\t\t<\/div>\n\t\t\t\t<\/div>\n\t\t\t\t\t\t<\/div>\n\t\t\t\t\t<\/div>\n\t\t<\/div>\n\t\t\t\t\t\t\t\t<\/div>\n\t\t\t\t\t<\/div>\n\t\t<\/section>\n\t\t\t\t<section class=\"elementor-section elementor-top-section elementor-element elementor-element-9ed80fa elementor-section-boxed elementor-section-height-default elementor-section-height-default\" data-id=\"9ed80fa\" data-element_type=\"section\">\n\t\t\t\t\t\t<div class=\"elementor-container elementor-column-gap-default\">\n\t\t\t\t\t\t\t<div class=\"elementor-row\">\n\t\t\t\t\t<div class=\"elementor-column elementor-col-100 elementor-top-column elementor-element elementor-element-1b95efd\" data-id=\"1b95efd\" data-element_type=\"column\">\n\t\t\t<div class=\"elementor-column-wrap elementor-element-populated\">\n\t\t\t\t\t\t\t<div class=\"elementor-widget-wrap\">\n\t\t\t\t\t\t<div class=\"elementor-element elementor-element-93f0902 elementor-widget elementor-widget-text-editor\" data-id=\"93f0902\" data-element_type=\"widget\" data-widget_type=\"text-editor.default\">\n\t\t\t\t<div class=\"elementor-widget-container\">\n\t\t\t\t\t\t\t\t<div class=\"elementor-text-editor elementor-clearfix\">\n\t\t\t\t<h2><strong>\ud83c\udf3f<\/strong><strong>Notre approche<\/strong><\/h2><p>Nous croyons en une mani\u00e8re d\u2019accompagner qui soit :<\/p><h6>\ud83c\udf31 <strong><u>Humaine et bienveillante<\/u><\/strong><\/h6><p>Chaque personne avance \u00e0 son rythme. Nous cr\u00e9ons un cadre s\u00e9curisant, respectueux et sans jugement.<\/p><h6>\ud83d\udcda <strong><u>Structur\u00e9e et professionnelle<\/u><\/strong><\/h6><p>Nos formations, ateliers et ressources s\u2019appuient sur des m\u00e9thodes \u00e9prouv\u00e9es, une p\u00e9dagogie active et un cadre l\u00e9gal solide (RGPD, contrats clairs, etc).<\/p><h6>\u2728 <strong><u>Cr\u00e9ative et inspirante<\/u><\/strong><\/h6><p>Nous concevons des supports et outils qui donnent envie d\u2019\u00eatre utilis\u00e9s : esth\u00e9tiques, pratiques et pens\u00e9s pour accompagner le quotidien.<\/p><p>L&#8217;empowerment est au centre de notre accompagnement.<\/p><h6>\ud83c\udfaf <strong><u>Orient\u00e9e r\u00e9sultats<\/u><\/strong><\/h6><p>Notre objectif : permettre \u00e0 chacun de gagner en clart\u00e9, en organisation et en mieux\u2011\u00eatre, de fa\u00e7on durable.<\/p><div>\u00a0<\/div>\t\t\t\t\t<\/div>\n\t\t\t\t\t\t<\/div>\n\t\t\t\t<\/div>\n\t\t\t\t\t\t<\/div>\n\t\t\t\t\t<\/div>\n\t\t<\/div>\n\t\t\t\t\t\t\t\t<\/div>\n\t\t\t\t\t<\/div>\n\t\t<\/section>\n\t\t\t\t<section class=\"elementor-section elementor-top-section elementor-element elementor-element-a83a8bb elementor-section-boxed elementor-section-height-default elementor-section-height-default\" data-id=\"a83a8bb\" data-element_type=\"section\">\n\t\t\t\t\t\t<div class=\"elementor-container elementor-column-gap-default\">\n\t\t\t\t\t\t\t<div class=\"elementor-row\">\n\t\t\t\t\t<div class=\"elementor-column elementor-col-100 elementor-top-column elementor-element elementor-element-646e101\" data-id=\"646e101\" data-element_type=\"column\">\n\t\t\t<div class=\"elementor-column-wrap elementor-element-populated\">\n\t\t\t\t\t\t\t<div class=\"elementor-widget-wrap\">\n\t\t\t\t\t\t<div class=\"elementor-element elementor-element-6aced14 elementor-widget elementor-widget-text-editor\" data-id=\"6aced14\" data-element_type=\"widget\" data-widget_type=\"text-editor.default\">\n\t\t\t\t<div class=\"elementor-widget-container\">\n\t\t\t\t\t\t\t\t<div class=\"elementor-text-editor elementor-clearfix\">\n\t\t\t\t<h2><strong>\ud83c\udf3f<\/strong><strong>Ce que nous proposons<\/strong><\/h2>\n<h6>\ud83d\udd39 <strong><u>Accompagnement &amp; bien\u2011\u00eatre au travail<\/u><\/strong><\/h6>\n<p>Coaching individuel, ateliers, pr\u00e9vention du burnout, gestion du stress, \u00e9quilibre pro\/perso.<\/p>\n<h6>\ud83d\udd39 <strong><u>Formations professionnelles<\/u><\/strong><\/h6>\n<p>Des formations interactives, vivantes et adapt\u00e9es aux besoins des adultes en \u00e9volution professionnelle.<\/p>\n<h6>\ud83d\udd39 <strong><u>Ressources &amp; supports professionnels<\/u><\/strong><\/h6>\n<p>Carnets, outils d\u2019organisation, supports p\u00e9dagogiques et ressources con\u00e7ues pour accompagner le quotidien.<\/p>\t\t\t\t\t<\/div>\n\t\t\t\t\t\t<\/div>\n\t\t\t\t<\/div>\n\t\t\t\t\t\t<\/div>\n\t\t\t\t\t<\/div>\n\t\t<\/div>\n\t\t\t\t\t\t\t\t<\/div>\n\t\t\t\t\t<\/div>\n\t\t<\/section>\n\t\t\t\t<section class=\"elementor-section elementor-top-section elementor-element elementor-element-1cbdfa2 elementor-section-boxed elementor-section-height-default elementor-section-height-default\" data-id=\"1cbdfa2\" data-element_type=\"section\">\n\t\t\t\t\t\t<div class=\"elementor-container elementor-column-gap-default\">\n\t\t\t\t\t\t\t<div class=\"elementor-row\">\n\t\t\t\t\t<div class=\"elementor-column elementor-col-100 elementor-top-column elementor-element elementor-element-7988ea1\" data-id=\"7988ea1\" data-element_type=\"column\">\n\t\t\t<div class=\"elementor-column-wrap elementor-element-populated\">\n\t\t\t\t\t\t\t<div class=\"elementor-widget-wrap\">\n\t\t\t\t\t\t<div class=\"elementor-element elementor-element-6f74860 elementor-widget elementor-widget-text-editor\" data-id=\"6f74860\" data-element_type=\"widget\" data-widget_type=\"text-editor.default\">\n\t\t\t\t<div class=\"elementor-widget-container\">\n\t\t\t\t\t\t\t\t<div class=\"elementor-text-editor elementor-clearfix\">\n\t\t\t\t<h2><strong>\ud83c\udf3f<\/strong><strong>Nos valeurs<\/strong><\/h2><h6>\ud83d\udd39<span style=\"text-decoration: underline;\"><strong>\u00c9coute<\/strong> :<\/span> comprendre avant d\u2019agir.<\/h6><h6><br \/>\ud83d\udd39<span style=\"text-decoration: underline;\"><strong>Clart\u00e9<\/strong> :<\/span> simplifier, structurer, rendre accessible.<\/h6><h6><br \/>\ud83d\udd39<span style=\"text-decoration: underline;\"><strong>Cr\u00e9ativit\u00e9<\/strong> <\/span>: proposer des solutions inspirantes et adapt\u00e9es.<\/h6><h6><br \/>\ud83d\udd39<span style=\"text-decoration: underline;\"><strong>Int\u00e9grit\u00e9<\/strong> :<\/span> un cadre professionnel, transparent et respectueux.<\/h6><h6><br \/>\ud83d\udd39<span style=\"text-decoration: underline;\"><strong>Bien\u2011\u00eatre<\/strong> :<\/span> remettre l\u2019humain au centre.<\/h6>\t\t\t\t\t<\/div>\n\t\t\t\t\t\t<\/div>\n\t\t\t\t<\/div>\n\t\t\t\t\t\t<\/div>\n\t\t\t\t\t<\/div>\n\t\t<\/div>\n\t\t\t\t\t\t\t\t<\/div>\n\t\t\t\t\t<\/div>\n\t\t<\/section>\n\t\t\t\t<section class=\"elementor-section elementor-top-section elementor-element elementor-element-dfb3313 elementor-section-boxed elementor-section-height-default elementor-section-height-default\" data-id=\"dfb3313\" data-element_type=\"section\">\n\t\t\t\t\t\t<div class=\"elementor-container elementor-column-gap-default\">\n\t\t\t\t\t\t\t<div class=\"elementor-row\">\n\t\t\t\t\t<div class=\"elementor-column elementor-col-100 elementor-top-column elementor-element elementor-element-1712e34\" data-id=\"1712e34\" data-element_type=\"column\">\n\t\t\t<div class=\"elementor-column-wrap elementor-element-populated\">\n\t\t\t\t\t\t\t<div class=\"elementor-widget-wrap\">\n\t\t\t\t\t\t<div class=\"elementor-element elementor-element-5730a90 elementor-widget elementor-widget-text-editor\" data-id=\"5730a90\" data-element_type=\"widget\" data-widget_type=\"text-editor.default\">\n\t\t\t\t<div class=\"elementor-widget-container\">\n\t\t\t\t\t\t\t\t<div class=\"elementor-text-editor elementor-clearfix\">\n\t\t\t\t<h2><strong>\ud83c\udf3f<\/strong><strong>Pourquoi nous faire confiance<\/strong><\/h2><p>Parce que nous allions ce que beaucoup recherchent aujourd\u2019hui :<\/p><h6>\ud83d\udd39<strong>une expertise solide,<br \/><\/strong>\ud83d\udd39<strong>une approche humaine<br \/><\/strong>\ud83d\udd39<strong>des outils concrets qui transforment r\u00e9ellement le quotidien.<\/strong><\/h6><p>Nous accompagnons chaque personne avec attention, pr\u00e9cision et engagement, pour l\u2019aider \u00e0 avancer avec plus de sens, de s\u00e9r\u00e9nit\u00e9 et d\u2019efficacit\u00e9.<\/p>\t\t\t\t\t<\/div>\n\t\t\t\t\t\t<\/div>\n\t\t\t\t<\/div>\n\t\t\t\t\t\t<\/div>\n\t\t\t\t\t<\/div>\n\t\t<\/div>\n\t\t\t\t\t\t\t\t<\/div>\n\t\t\t\t\t<\/div>\n\t\t<\/section>\n\t\t\t\t\t\t<\/div>\n\t\t\t\t\t\t<\/div>\n\t\t\t\t\t<\/div>\n\t\t","protected":false},"excerpt":{"rendered":"<p>\ud83c\udf3fNotre mission Accompagner les professionnels et les organisations vers plus de clart\u00e9, de bien\u2011\u00eatre et d\u2019efficacit\u00e9. Nous cr\u00e9ons des espaces, des formations et des ressources qui permettent \u00e0 chacun de se recentrer, de se structurer et d\u2019avancer avec confiance. \ud83c\udf3fQui sommes\u2011nous ? Assist\u2019n Co est n\u00e9 d\u2019une conviction simple : le bien\u2011\u00eatre au travail n\u2019est [&hellip;]<\/p>\n","protected":false},"author":1,"featured_media":0,"parent":0,"menu_order":0,"comment_status":"closed","ping_status":"closed","template":"","meta":{"ocean_post_layout":"","ocean_both_sidebars_style":"","ocean_both_sidebars_content_width":0,"ocean_both_sidebars_sidebars_width":0,"ocean_sidebar":"0","ocean_second_sidebar":"0","ocean_disable_margins":"enable","ocean_add_body_class":"","ocean_shortcode_before_top_bar":"","ocean_shortcode_after_top_bar":"","ocean_shortcode_before_header":"","ocean_shortcode_after_header":"","ocean_has_shortcode":"","ocean_shortcode_after_title":"","ocean_shortcode_before_footer_widgets":"","ocean_shortcode_after_footer_widgets":"","ocean_shortcode_before_footer_bottom":"","ocean_shortcode_after_footer_bottom":"","ocean_display_top_bar":"default","ocean_display_header":"default","ocean_header_style":"","ocean_center_header_left_menu":"0","ocean_custom_header_template":"0","ocean_custom_logo":0,"ocean_custom_retina_logo":0,"ocean_custom_logo_max_width":0,"ocean_custom_logo_tablet_max_width":0,"ocean_custom_logo_mobile_max_width":0,"ocean_custom_logo_max_height":0,"ocean_custom_logo_tablet_max_height":0,"ocean_custom_logo_mobile_max_height":0,"ocean_header_custom_menu":"0","ocean_menu_typo_font_family":"0","ocean_menu_typo_font_subset":"","ocean_menu_typo_font_size":0,"ocean_menu_typo_font_size_tablet":0,"ocean_menu_typo_font_size_mobile":0,"ocean_menu_typo_font_size_unit":"px","ocean_menu_typo_font_weight":"","ocean_menu_typo_font_weight_tablet":"","ocean_menu_typo_font_weight_mobile":"","ocean_menu_typo_transform":"","ocean_menu_typo_transform_tablet":"","ocean_menu_typo_transform_mobile":"","ocean_menu_typo_line_height":0,"ocean_menu_typo_line_height_tablet":0,"ocean_menu_typo_line_height_mobile":0,"ocean_menu_typo_line_height_unit":"","ocean_menu_typo_spacing":0,"ocean_menu_typo_spacing_tablet":0,"ocean_menu_typo_spacing_mobile":0,"ocean_menu_typo_spacing_unit":"","ocean_menu_link_color":"","ocean_menu_link_color_hover":"","ocean_menu_link_color_active":"","ocean_menu_link_background":"","ocean_menu_link_hover_background":"","ocean_menu_link_active_background":"","ocean_menu_social_links_bg":"","ocean_menu_social_hover_links_bg":"","ocean_menu_social_links_color":"","ocean_menu_social_hover_links_color":"","ocean_disable_title":"default","ocean_disable_heading":"default","ocean_post_title":"","ocean_post_subheading":"","ocean_post_title_style":"","ocean_post_title_background_color":"","ocean_post_title_background":0,"ocean_post_title_bg_image_position":"","ocean_post_title_bg_image_attachment":"","ocean_post_title_bg_image_repeat":"","ocean_post_title_bg_image_size":"","ocean_post_title_height":0,"ocean_post_title_bg_overlay":0.5,"ocean_post_title_bg_overlay_color":"","ocean_disable_breadcrumbs":"default","ocean_breadcrumbs_color":"","ocean_breadcrumbs_separator_color":"","ocean_breadcrumbs_links_color":"","ocean_breadcrumbs_links_hover_color":"","ocean_display_footer_widgets":"default","ocean_display_footer_bottom":"default","ocean_custom_footer_template":"0","footnotes":""},"jetpack_sharing_enabled":true,"_links":{"self":[{"href":"https:\/\/assistnco77.fr\/index.php?rest_route=\/wp\/v2\/pages\/12"}],"collection":[{"href":"https:\/\/assistnco77.fr\/index.php?rest_route=\/wp\/v2\/pages"}],"about":[{"href":"https:\/\/assistnco77.fr\/index.php?rest_route=\/wp\/v2\/types\/page"}],"author":[{"embeddable":true,"href":"https:\/\/assistnco77.fr\/index.php?rest_route=\/wp\/v2\/users\/1"}],"replies":[{"embeddable":true,"href":"https:\/\/assistnco77.fr\/index.php?rest_route=%2Fwp%2Fv2%2Fcomments&post=12"}],"version-history":[{"count":8,"href":"https:\/\/assistnco77.fr\/index.php?rest_route=\/wp\/v2\/pages\/12\/revisions"}],"predecessor-version":[{"id":1136,"href":"https:\/\/assistnco77.fr\/index.php?rest_route=\/wp\/v2\/pages\/12\/revisions\/1136"}],"wp:attachment":[{"href":"https:\/\/assistnco77.fr\/index.php?rest_route=%2Fwp%2Fv2%2Fmedia&parent=12"}],"curies":[{"name":"wp","href":"https:\/\/api.w.org\/{rel}","templated":true}]}}